{"id":68,"date":"2022-03-24T14:19:03","date_gmt":"2022-03-24T14:19:03","guid":{"rendered":"https:\/\/www.sklep.wwagencja.pl\/?post_type=product&#038;p=68"},"modified":"2022-04-24T19:13:10","modified_gmt":"2022-04-24T19:13:10","slug":"lokalizator-gps-t44","status":"publish","type":"product","link":"https:\/\/www.sklep.wwagencja.pl\/index.php\/produkt\/lokalizator-gps-t44\/","title":{"rendered":"Lokalizator GPS &#8211; T44"},"content":{"rendered":"<h1><\/h1>\n<div>\n<div class=\"_1voj4 _z9prt _1xzdi _ai5yc _5d6n2 _15lj1\">\n<div class=\"_2d49e_5pK0q\">\n<h1>Lokalizator GPS T44<\/h1>\n<h1>Wbudowana bateria o pojemno\u015bci 10000mAh<\/h1>\n<h1>Wysoka wodoodporno\u015b\u0107<\/h1>\n<h1>Silny magnes<\/h1>\n<h1>Przycisk demonta\u017cu Mo\u017cliwo\u015b\u0107 pods\u0142uchu;<\/h1>\n<h1>Powiadomienia SMS, na platform\u0119 oraz aplikacj\u0119<\/h1>\n<h2>Lokalizatory s\u0105 obs\u0142ugiwane z platformy Tracksolid oraz aplikacji dost\u0119pnej na urz\u0105dzenia z Androidem oraz iOS.<\/h2>\n<\/div>\n<\/div>\n<\/div>\n<div>\n<div class=\"_1voj4 _z9prt _1xzdi _ai5yc _5d6n2 _15lj1\">\n<div class=\"_2d49e_5pK0q\">\n<p>Umo\u017cliwia on \u015bledzenie w czasie rzeczywistym poprzez platform\u0119 \u015bledzenia\u00a0<strong>WWW<\/strong>, aplikacj\u0119 na\u00a0<strong>Androida\/iOS<\/strong>\u00a0oraz poprzez\u00a0<strong>wiadomo\u015bci SMS<\/strong>\u00a0(wysy\u0142a link zwrotny z lokalizacj\u0105 do<strong>\u00a0map Google<\/strong>).<\/p>\n<p><strong>Lokalizator umo\u017cliwia:<\/strong><\/p>\n<ul>\n<li>\u015bledzenie w czasie rzeczywistym w serwisie WWW lub w aplikacji<\/li>\n<li>podgl\u0105d historii trasy do 3 miesi\u0119cy wstecz<\/li>\n<li>podgl\u0105d lokalizacji poprzez SMS<\/li>\n<li>ustawienie tryb\u00f3w pracy lokalizatora (tryb normalny, oszcz\u0119dzanie energii itp.)<\/li>\n<li>pods\u0142uch dzi\u0119ki wbudowanemu mikrofonowi<\/li>\n<li>otrzymywanie powiadomie\u0144 SMS jak np. alarm o demonta\u017cu, o opuszczeniu geostrefy i wiele innych!<\/li>\n<\/ul>\n<p><strong>W zestawie z lokalizatorem otrzymaj\u0105 Pa\u0144stwo profesjonalnie napisan\u0105 instrukcj\u0119 w j\u0119zyku polskim<\/strong>\u00a0wyja\u015bniaj\u0105c\u0105 w kilku krokach jak rozpocz\u0105\u0107 prac\u0119 z urz\u0105dzeniem:<\/p>\n<ol>\n<li>Wystarczy otworzy\u0107 klapk\u0119 urz\u0105dzenia i w\u0142o\u017cy\u0107 do niego zarejestrowan\u0105 i aktywowana kart\u0119 SIM<\/li>\n<li>Prze\u0142\u0105czy\u0107 suwak na pozycj\u0119 ON, otworzy\u0107 za\u015blepk\u0119 z frontu urz\u0105dzenia i przetrzyma\u0107 w\u0142\u0105cznik<\/li>\n<li>Zalogowa\u0107 si\u0119 do serwisu\u00a0<strong>Tracksolid<\/strong>\u00a0przy pomocy danych wys\u0142anych przez nas tu\u017c po zakupie<\/li>\n<\/ol>\n<p><strong>Lokalizator przed wysy\u0142k\u0105 zostanie skonfigurowany przez naszych technik\u00f3w, jest on ju\u017c gotowy do dzia\u0142ania!<\/strong><\/p>\n<\/div>\n<\/div>\n<\/div>\n<p><strong>D\u0141UGI CZAS PRACY,\u00a0<\/strong>dzi\u0119ki baterii o pojemno\u015bci<strong>\u00a010000mAh\u00a0<\/strong>oraz\u00a0<strong>DW\u00d3M TRYBOM PRACY<\/strong><\/p>\n<ul>\n<li><strong>TRYB 1 &#8211; czuwania\u00a0<\/strong>( czas pracy\u00a0<strong>od 27 do 54 dni<\/strong>)<\/li>\n<li><strong>TRYB 2 &#8211; u\u015bpienia\u00a0<\/strong>( czas pracy\u00a0<strong>od 135 dni do 26 miesi\u0119cy<\/strong>)<\/li>\n<\/ul>\n<p><strong>TRYB 1<\/strong><\/p>\n<p>Czas pracy baterii\u00a0<strong>od 27 do 54 dni<\/strong>\u00a0w zale\u017cno\u015bci od ustawie\u0144 interwa\u0142u czasowego od\u00a0<strong>10 sekund do 3600 sekund<\/strong>\u00a0(domy\u015blnie 10 sekund) oraz ruchu pojazdu w ci\u0105gu doby.<\/p>\n<p><strong>TRYB 2<\/strong><\/p>\n<p>Czas pracy baterii\u00a0<strong>od 135 dni<\/strong>\u00a0(interwa\u0142 1h)\u00a0<strong>do 26 miesi\u0119cy<\/strong>\u00a0(interwa\u0142 72h) w zale\u017cno\u015bci od ustawie\u0144 interwa\u0142u czasowego\u00a0<strong>od 1h do 72h<\/strong>\u00a0(domy\u015blnie 24h). Np: w przypadku ustawienia 1h lokalizator raz na godzin\u0119 obudzi si\u0119 na 2 minuty i wy\u015ble dane lokalizacyjne. W tym czasie mo\u017cna te\u017c zmieni\u0107 tryb pracy na inny. Po tym czasie lokalizator przejdzie w tryb u\u015bpienia i nast\u0119pne dane zostan\u0105 przes\u0142ane po godzinie<\/p>\n<h1>Specyfikacja techniczna<\/h1>\n<ul>\n<li><strong>Model:<\/strong>\u00a0AT4<\/li>\n<li><strong>Procesor:<\/strong>\u00a0MediaTek MTK2503D<\/li>\n<li><strong>Bateria:<\/strong>\u00a03.7V 10000mAh Li-ion, d\u0142ugo\u015b\u0107 pracy nawet 2 LATA<\/li>\n<li><strong>Spos\u00f3b pozycjonowania:<\/strong>\u00a0GPS + WiFi + LBS<\/li>\n<li><strong>Wodoodporno\u015b\u0107:<\/strong>\u00a0IPX5<\/li>\n<li><strong>Tryb pracy:<\/strong>\u00a0Dwa tryby &#8211; czuwania oraz u\u015bpienia<\/li>\n<li><strong>Czas pracy baterii:\u00a0<\/strong>od 27 dni do 26 miesi\u0119cy (zale\u017cnie od trybu oraz interwa\u0142u)<\/li>\n<li><strong>Funkcja pods\u0142uchu:<\/strong>\u00a0TAK<\/li>\n<li><strong>Czujnik manipulacyjny:<\/strong>\u00a0TAK<\/li>\n<li><strong>Alarm wstrz\u0105s\u00f3w i kolizji:<\/strong>\u00a0TAK<\/li>\n<li><strong>Spos\u00f3b monta\u017cu:<\/strong>\u00a0silny magnes lub przylepce<\/li>\n<li><strong>Wymiary:<\/strong>\u00a0108x61x30mm<\/li>\n<li><strong>Waga:<\/strong>\u00a0285g<\/li>\n<li><strong>Platforma i serwer GPS:<\/strong>\u00a0Tracksolid, dost\u0119p przez okres 1 roku<\/li>\n<li><strong>Karta SIM:<\/strong>\u00a0Tak, Play w zestawie<\/li>\n<li><strong>Wsparcie techniczne:<\/strong>\u00a0TAK<\/li>\n<\/ul>\n","protected":false},"excerpt":{"rendered":"<p>Lokalizator GPS T44 Wbudowana bateria o pojemno\u015bci 10000mAh Wysoka wodoodporno\u015b\u0107 Silny magnes Przycisk demonta\u017cu Mo\u017cliwo\u015b\u0107 pods\u0142uchu; Powiadomienia SMS, na platform\u0119 oraz aplikacj\u0119 Lokalizatory s\u0105 obs\u0142ugiwane z platformy Tracksolid oraz aplikacji dost\u0119pnej na urz\u0105dzenia z Androidem oraz iOS. Umo\u017cliwia on \u015bledzenie w czasie rzeczywistym poprzez platform\u0119 \u015bledzenia\u00a0WWW, aplikacj\u0119 na\u00a0Androida\/iOS\u00a0oraz poprzez\u00a0wiadomo\u015bci SMS\u00a0(wysy\u0142a link zwrotny z lokalizacj\u0105 do\u00a0map [&hellip;]<\/p>\n","protected":false},"featured_media":87,"comment_status":"open","ping_status":"closed","template":"","meta":[],"product_cat":[31],"product_tag":[],"_links":{"self":[{"href":"https:\/\/www.sklep.wwagencja.pl\/index.php\/wp-json\/wp\/v2\/product\/68"}],"collection":[{"href":"https:\/\/www.sklep.wwagencja.pl\/index.php\/wp-json\/wp\/v2\/product"}],"about":[{"href":"https:\/\/www.sklep.wwagencja.pl\/index.php\/wp-json\/wp\/v2\/types\/product"}],"replies":[{"embeddable":true,"href":"https:\/\/www.sklep.wwagencja.pl\/index.php\/wp-json\/wp\/v2\/comments?post=68"}],"wp:featuredmedia":[{"embeddable":true,"href":"https:\/\/www.sklep.wwagencja.pl\/index.php\/wp-json\/wp\/v2\/media\/87"}],"wp:attachment":[{"href":"https:\/\/www.sklep.wwagencja.pl\/index.php\/wp-json\/wp\/v2\/media?parent=68"}],"wp:term":[{"taxonomy":"product_cat","embeddable":true,"href":"https:\/\/www.sklep.wwagencja.pl\/index.php\/wp-json\/wp\/v2\/product_cat?post=68"},{"taxonomy":"product_tag","embeddable":true,"href":"https:\/\/www.sklep.wwagencja.pl\/index.php\/wp-json\/wp\/v2\/product_tag?post=68"}],"curies":[{"name":"wp","href":"https:\/\/api.w.org\/{rel}","templated":true}]}}